= 4*l. Suppose 2*j + 54 = o + 11, -o = 4*j - l. Suppose p - 118 = 2*m, -5*p + 669 = -m + o. Calculate the highest common divisor of 14 and p.
14
Suppose -2 + 1 = -d. Calculate the greatest common factor of 3 and d.
1
Let v be (-2 + -1)*-3 + -1. Let f(d) = 7*d + 10. Let t be f(8). Let z be t/4 + (-3)/6. Calculate the greatest common divisor of z and v.
8
Let z = 32 + -22. Let m be 26/6 - 3/9. Calculate the highest common divisor of m and z.
2
Suppose -3*v = n - 163, 0*v - n = 2*v - 107. Let l = -20 - 4. Let x = -10 - l. Calculate the greatest common factor of x and v.
14
Let i = -9 - -7. Let s be (-150)/(-54) - i/9. Calculate the greatest common factor of s and 3.
3
Suppose 0 = 2*a - 3 - 11. Suppose 2*u - 30 = -2*z, 2*u - a = -z + 5*u. Suppose 242 = 2*f + 60. What is the highest common divisor of z and f?
13
Let r = -12 + 32. Calculate the greatest common factor of r and 80.
20
Let y be (8/(-12))/(-2)*0. Suppose -7 = -q + p, y*q = 3*q - 4*p - 18. What is the greatest common divisor of 1 and q?
1
Let g be (-4)/10 - (-24)/60. Suppose 2*k - 160 = -k - 4*w, -w - 5 = g. Calculate the greatest common divisor of k and 12.
12
Suppose v + 2*x = 13 + 5, 4*v + 2*x = 84. Calculate the greatest common divisor of v and 242.
22
Let y(a) = a**3 - 5*a**2 + 2*a - 9. Let h be y(5). Calculate the greatest common divisor of 4 and h.
1
Let j(a) = 10*a**2 + a. Let x = 2 + -1. Let b be j(x). Let g be (22/3)/((-3)/(-9)). What is the greatest common divisor of b and g?
11
Let q(p) = -3 + p - 6*p - p. Let y be q(-6). Let c(l) = l**3 + 8*l**2 + 6*l + 4. Let o be c(-7). Calculate the highest common factor of o and y.
11
Suppose 58 = -2*o - 2*k, 2*o - 4*k = -40 - 18. Let y = -15 - o. What is the greatest common divisor of 56 and y?
14
Suppose 0 = v - 2 + 3. Let a be 2 - v/((-2)/(-16)). Let i(c) = c**2 - 2*c. Let k be i(-3). What is the highest common divisor of a and k?
5
Suppose -2*t + 66 = -3*p, -2*p = -0*t + t + 51. Let x = -6 - p. Calculate the greatest common factor of x and 12.
6
Let i be (-33)/11*(-1)/1. What is the greatest common factor of i and 12?
3
Let h(k) = 2*k**3 - 3*k**2 - 5*k + 3. Let w be h(3). What is the greatest common factor of 165 and w?
15
Let y be ((-3)/(-4) + -4)*-4. What is the highest common divisor of y and 91?
13
Let j(v) = v**2 - 4*v + 2. Let u be j(4). Suppose -4*k + 52 = -4*z, -3*k - 5*z = u*k - 25. Calculate the highest common divisor of 27 and k.
9
Let f = -28 - -19. Let d be f/(-18)*(19 - 1). Let n = 49 + 50. Calculate the highest common divisor of d and n.
9
Let n(u) = u**2 - 15*u + 6. Let q(v) = v**2 - 15*v + 6. Let p(x) = 6*n(x) - 7*q(x). Let d be p(11). Calculate the highest common factor of 95 and d.
19
Suppose -x = -2*s, -x - 1 = 3*s - 11. Let j be 2/(-3 + s) - -34. What is the greatest common factor of 8 and j?
8
Let c be 2/(-4)*8*-2. Suppose -z + 20 = c. Let p be (8 - 6)*(-1 - -2). Calculate the greatest common divisor of p and z.
2
Suppose 2*v = -2*v + 48. Calculate the greatest common divisor of 72 and v.
12
Suppose 2*l = -3*u - 2*u + 397, 0 = u + 4*l - 65. What is the greatest common divisor of u and 18?
9
Let b be ((-5)/(-10))/(1/10). Let l = b + -5. Suppose 57 = -l*x + x. What is the greatest common factor of 38 and x?
19
Suppose 14 = -4*t + 5*t. Calculate the greatest common factor of 35 and t.
7
Let k(h) = h**2 + h + 65. Let b be ((-2)/6)/((-1)/12). Let n be 2/8 + (-1)/b. Let i be k(n). What is the greatest common factor of i and 26?
13
Let g(n) = n**2 + 5*n + 7. Let u be g(-3). Let x = -21 - -32. Let m = -7 + x. What is the highest common divisor of u and m?
1
Suppose b - 2*b = 0. Suppose -5*n + b*n = -55. What is the greatest common divisor of 44 and n?
11
Let o = 193 - 128. Calculate the highest common divisor of 26 and o.
13
Suppose -4*i + 30 = -22. Let c = -5 - -5. Suppose 5*k - 75 = -c*f - 5*f, f = -2*k + 28. Calculate the highest common factor of k and i.
13
Suppose -5*o - 68 + 204 = 3*g, 140 = 3*g + 4*o. What is the highest common factor of g and 572?
52
Suppose -44 = -y - 3*y. Let o = 12 - -230. Suppose -b - b = -o. Calculate the highest common divisor of b and y.
11
Suppose 5*u - 2*p - 65 = -p, 3*u - 31 = -p. Suppose 12*l - 11*l - u = 0. Calculate the greatest common factor of l and 84.
12
Suppose 9*n = 4*n + 2*a + 119, -2*n + 38 = 4*a. Suppose 2*h = 55 - 9. Calculate the greatest common divisor of n and h.
23
Let n be 650/40 + 1 + (-1)/4. Calculate the highest common factor of 17 and n.
17
Suppose -2*o = -4*d + 174, -4*d + 60 = 3*o - 139. What is the greatest common divisor of d and 23?
23
Suppose -2*l + 153 = 7*l. Calculate the greatest common divisor of 85 and l.
17
Let d(m) = m**3 - 10*m**2 - 3*m + 14. Let r be d(10). Let z be (-264)/r*14/3. What is the greatest common divisor of z and 11?
11
Let d(p) = -p**3 - 3*p**2 + p + 5. Let s be d(-3). Let c(h) = 2*h + 6. Let r be c(6). What is the greatest common factor of r and s?
2
Let a be -1 - -1 - (-1 + -12). Let d be (-8)/(-6)*(-33)/(-22). Suppose -d*o + 3*b + 65 = 7, -4*o = -5*b - 114. What is the highest common divisor of o and a?
13
Suppose 2*g - 30 = 2*f, f + 4*g + 24 = 2*g. Let p = f - -32. Calculate the highest common factor of 28 and p.
14
Suppose 25 = 5*z - 0*z. Calculate the greatest common factor of z and 5.
5
Let x = 389 + -228. Calculate the greatest common divisor of 23 and x.
23
Let o(s) = 5*s**2 - 5*s - 6. Let a be o(-3). What is the highest common divisor of a and 432?
54
Let d = 31 + -19. Calculate the greatest common divisor of 30 and d.
6
Let u be (-2 - -5)*(-204)/(-18). Calculate the highest common divisor of u and 306.
34
Let d = 37 + -7. Let n(h) be the first derivative of 8*h**2 - 3*h - 2. Let a be n(3). Calculate the greatest common factor of a and d.
15
Let d(q) = 2*q**2 - 5*q - 3. Let r be d(-3). Let k(u) = -u**2 + u + 75. Let h be k(0). What is the greatest common factor of h and r?
15
Let t = 125 - 95. What is the highest common divisor of 150 and t?
30
Suppose -4*q + 165 = -43. What is the greatest common divisor of q and 26?
26
Suppose 11*x + 5*q = 6*x + 310, 4 = -q. What is the greatest common divisor of 99 and x?
33
Let f(o) = -o**3 + 28*o**2 + 65*o - 6. Let y be f(30). Let j be -6*(-1 - (0 + 2)). What is the highest common divisor of y and j?
18
Suppose 3*p + 2*p - 10 = 0. Let x = 6 - 4. Suppose p*u + x*u + 5*m = 175, 4*m + 68 = 2*u. What is the highest common divisor of 5 and u?
5
Let a(k) = k**2 - k - 11. Suppose 0 = -5*j - 0*j. Let r be a(j). Let l be (-530)/r + 4/(-22). What is the greatest common factor of 6 and l?
6
Let x be -1 + 0 - 15/(1/(-1)). Calculate the highest common divisor of 28 and x.
14
Let a be (-2 - -3) + 2 + 2. Suppose 1 = -4*y - 0*y + 5*m, -6 = -a*y - m. Let s be 0 + y + (2 - 1). What is the highest common divisor of s and 2?
2
Suppose -9 = -3*t + 2*g, -5*t - 3*g + 15 = 2*g. Suppose -4 = -t*f - f. Calculate the highest common factor of 9 and f.
1
Let k(u) = u**3 + 12*u**2 - 3*u - 18. Let z = 29 + -41. Let m be k(z). What is the greatest common divisor of m and 12?
6
Let s(h) = -8*h - 3. Let k be s(-2). Calculate the greatest common factor of k and 26.
13
Let r be 3/1 - 2 - 2. Let h = r - 3. Let p(t) = t**3 + 3*t**2 - 5*t + 2. Let w be p(h). What is the highest common divisor of w and 18?
6
Let y(n) = -55*n**3 + 2*n**2 + n. Let l be y(-1). Let g be 15 + 2/(-4)*2. What is the highest common factor of g and l?
14
Let q be -1*2*(-2)/2. Suppose 4 = 4*y - 0. Calculate the highest common divisor of y and q.
1
Suppose -1 = 2*o - 17. Let i be 4*(-1)/2 - 101. Let k = 175 + i. What is the highest common divisor of o and k?
8
Suppose 0 = z + 4*z - 130. Let g = -11 + 76. What is the greatest common divisor of g and z?
13
Let y(a) = 13*a**2 - 2. Let b be y(2). What is the highest common factor of b and 10?
10
Let f be (-847)/(-55) + 4/(-10). Suppose 4*v = -n - f, -n + 4*v + 2 = -23. Calculate the highest common divisor of 40 and n.
5
Suppose -2*q + 18 + 2 = 0. What is the highest common divisor of q and 50?
10
Let o be (-2 + -1)/((-6)/14). Suppose o + 7 = 2*x. What is the highest common factor of 49 and x?
7
Let t(q) = q**2 + q + 23. Let d be t(0). Suppose 4*h - 51 = -5*p, -h + 3*h + 5*p = d. Let i be 3*-3*(-196)/18. What is the greatest common divisor of i and h?
14
Let u(i) = -i**2 - 9*i - 6. Let k be u(-6). Suppose